
1
Let n be (-10)/30 - 211/(-3). Suppose -3*l + 5 = -n. Suppose -7*j + 180 = -2*j - u, l = 5*u. What is the tens digit of j?
3
Suppose -22*p = -10088 - 79804. What is the units digit of p?
6
Let n(v) = 6*v - 7. Let o be n(2). What is the units digit of -6 + 1 + o + 70?
0
Let y(a) = 70*a. Let z(u) = -u**2 - 5*u + 1. Let b be z(-5). Let q be y(b). Let i = -46 + q. What is the units digit of i?
4
Suppose 9602 = 3*r + 4*g, -4*r + 7385 = 2*g - 5421. What is the hundreds digit of r?
2
Let t(f) = -2*f**2 + 17*f + 44. What is the units digit of t(9)?
5
Let h = -5862 + 8790. What is the hundreds digit of h?
9
Let p = 7 - -39. What is the tens digit of p?
4
Let h = 742 + 70. What is the tens digit of h?
1
Let r = -28 + 21. Let c(v) = -v**3 - 7*v**2 - 2*v + 14. What is the units digit of c(r)?
8
Let c = 77 - -306. What is the units digit of c?
3
Let g(q) = -142*q - 319. What is the hundreds digit of g(-28)?
6
Let f(i) = i. Let s be f(6). What is the units digit of -3 - (-34 - (4 - s))?
9
Suppose 7*u - 5669 = 4495. What is the tens digit of u?
5
Let m(u) = -4*u - 18 - 10*u + 3*u**2 - 4*u**2 - 7*u. Suppose -29 = 2*c - w, -55 = 4*c - 4*w - 3. What is the units digit of m(c)?
2
Suppose 0 = -2*c + 3*p + 10 + 1272, 3*c = 2*p + 1928. What is the hundreds digit of c?
6
Let s(q) = 5*q**2 + 75*q - 125. What is the tens digit of s(-32)?
9
Let b = 688 + -514. What is the tens digit of b?
7
Let a be 22/77 + 943/7. Suppose -a = 3*m - 8*m. What is the tens digit of m?
2
Suppose 2*g = 10*g - 5*g. Let y be (0/(-1 + 2))/1. What is the units digit of 36/6 + g + y?
6
Let n(o) = 5 + 2*o + 0 - o. Let j be n(6). Suppose 0 = -5*t + 66 - j. What is the tens digit of t?
1
Let s(r) be the first derivative of 5 + 3*r + 1/4*r**4 + 11/2*r**2 - 3*r**3. What is the units digit of s(8)?
7
Let i be ((-46)/2)/(1/(-2)). Let s(t) = t**3 - 9*t**2 - 9*t - 13. Let j be s(10). What is the tens digit of i/(5 + j + 0)?
2
Let n = 19 + -25. Let a(s) = s**3 + 5*s**2 - 8*s - 6. What is the units digit of a(n)?
6
Let u(d) = 339*d - 800. What is the hundreds digit of u(10)?
5
Suppose -2*q - 12 = 4*f, 1 + 4 = 3*f - 2*q. Let a be (-1506)/(-36) - f/6. Suppose a = 4*y - y. What is the units digit of y?
4
Let w = 20 - 17. Suppose 0 = 4*y - w*y. Let s = y - -9. What is the units digit of s?
9
Suppose -3215 = -8*i + 505. Let y = i + -249. What is the tens digit of y?
1
Suppose -5*m + 6914 = -4*t, 2*t - 736 = -m + 644. What is the units digit of m?
2
Let r(k) = -k**2 + 8*k - 8. Let w be r(6). Suppose 4*g + 2*x = 74, -w*x - 15 = x. What is the tens digit of g?
2
Let o(v) be the second derivative of -6*v + v**2 - 1/12*v**4 + 0 + 4/5*v**5 - 1/6*v**3. What is the tens digit of o(1)?
1
Let p be ((-18)/10)/((-15)/50). Suppose -m + p = m. What is the units digit of m?
3
Let j = -206 + 784. What is the hundreds digit of j?
5
Let v = -178 - -311. Let b be v/49 - 4/(-14). Suppose b*f - 76 = -5*p, 0 = -p - p + 3*f + 22. What is the tens digit of p?
1
Let k = 13 + -8. Suppose -8 = -d - k*i - 2, 0 = 5*i. Suppose -2*x = d, 2*h - 4*x + 0*x = 18. What is the units digit of h?
3
Suppose 0 = 3*w - 3*f - 18, -3*w - 2*w - 3*f + 22 = 0. Suppose -w*u + 40 = -u. What is the units digit of (u/(-15))/((-4)/18)?
3
Let k(b) = -2*b**3 - 6*b**2 - 2*b - 4. Let m be k(-3). Let p(r) = -2 - 4*r - 3 + m - 5*r. What is the tens digit of p(-6)?
5
Suppose 0 = g + 4*g - 5*y + 80, -2*y = 2*g + 32. Suppose -5*x = 11 - 1. What is the units digit of (-60)/g*x*-2?
5
Let v be ((-104)/24)/(3/(-27)). Suppose 2*k + 90 = -3*k. Let x = v + k. What is the tens digit of x?
2
Let v(j) = j - 6. Let z be v(-7). What is the tens digit of (1 + -6)/(z/65)?
2
Let r(y) be the third derivative of y**5/30 - 3*y**4/8 - 11*y**3/3 + 29*y**2. What is the hundreds digit of r(-9)?
2
Let g be (-1)/4 - 868/(-16). Let z = 24 + g. What is the tens digit of (z/24)/(1/4)?
1
Let i be (-2)/(((-9)/(-3))/(-9)). Let h be 30*(-7)/((-63)/i). Let c = 61 - h. What is the tens digit of c?
4
Let p be 348/3 + -4 - -3. Suppose 3*h - 59 = p. What is the tens digit of h?
5
Let j be (-7 - -7) + 2 + 162. Suppose -4*s = -j + 56. What is the units digit of 1/(30/s + -1)?
9
Let m(l) be the first derivative of -l**3/3 + 5*l**2/2 - 3*l - 7. Let a be m(3). Suppose -a = d - 8. What is the units digit of d?
5
Let y = 826 - 415. What is the tens digit of y?
1
Suppose 19*i - 14*i = 0. Let a = 9 + i. Suppose 3*c = -x + 55, 3*x = c - a - 6. What is the units digit of c?
8
Suppose 36*o = 33*o + 1170. What is the hundreds digit of o?
3
Suppose 0 = -4*u, b - 120 = -b - 3*u. Suppose 288 = b*c - 57*c. What is the units digit of c?
6
Let y = 1425 - 98. What is the thousands digit of y?
1
Suppose 5*p + 2*d = 472, -21*p + 180 = -19*p + 3*d. What is the units digit of p?
6
What is the hundreds digit of -1 + 4 + (1 - -4) + 3105?
1
Let i be (0 + -5*10)/(13/(-39)). Suppose -i = -20*n + 15*n. What is the units digit of n?
0
Suppose -7*q + 29 = -4*q - 5*w, 0 = -q + 3*w + 7. Suppose -m - 7 + q = 0. Suppose -7*h + m*h + 20 = 0. What is the units digit of h?
0
Let d = 27 - 30. What is the tens digit of 101 + d + 4 + -4?
9
Let p(u) = -2*u + 162. Let a be p(0). Suppose 0 = f + 5*i - 126, -f + 5*i = i - a. What is the hundreds digit of f?
1
Let r(w) = 88*w**2 - 22*w - 18. What is the tens digit of r(-4)?
7
Let b(v) = -5*v + 14. Let n be b(-6). Suppose n - 152 = -3*o. What is the units digit of o?
6
Let f(t) = -10*t**2 + 0 + 6 - 2*t - 7. Let r be f(2). What is the tens digit of -14 + 11 - (r - 1)?
4
Let n = 2126 - 1506. What is the tens digit of n?
2
Let v(o) = o**2 + o + 2. Let z be 362/(-14) - 2/14. Let i = z - -31. What is the tens digit of v(i)?
3
Suppose 13*h - 8640 = -19*h. What is the hundreds digit of h?
2
Let q(i) = 3*i**2 - 10*i + 38. What is the units digit of q(-16)?
6
Suppose 4*k = 6*k. Suppose k*j - 4*j = -104. What is the tens digit of j?
2
Suppose 0 = h + 4*c, 8*c + 30 = -5*h + 3*c. Let g(j) = 4*j + 5 - 2*j - 6*j - 3. What is the tens digit of g(h)?
3
Let k = 4042 - 967. What is the hundreds digit of k?
0
Suppose -r - h = 3, r = -0*r + h - 1. Let d be (2/4)/(r/(-16)). Suppose -d*v + 95 = -77. What is the tens digit of v?
4
Let c(b) = 4251*b**2 + 51*b. What is the hundreds digit of c(1)?
3
Suppose -3*b + 77 = -52. Let t = 114 + b. What is the units digit of t?
7
Suppose 0 = -5*p + 192*w - 190*w + 8560, 0 = -3*w - 15. What is the units digit of p?
0
Let q = -538 - -901. What is the hundreds digit of q?
3
Suppose -3*n + 4*n + 4 = -3*x, 5*n - 16 = 3*x. Let c = x - -10. What is the units digit of c?
8
Suppose -4*n = 3*n + 35. Let m(d) = d**3 + 7*d**2 + 2*d + 7. What is the tens digit of m(n)?
4
Suppose 5*f = 10 - 45. Let c = 7 + f. Suppose c = 2*o + o - 69. What is the units digit of o?
3
Suppose -1 = -2*k - 4*g - 23, -5*k = 4*g + 49. Let n(o) = -2*o - 5. What is the units digit of n(k)?
3
Let z be (4 - -2)*(37 - 0). Suppose 4*m - k - z = k, 4*k = -4*m + 252. What is the tens digit of m?
5
Suppose j = -3*u + 38, -2*u + 3*j + 28 = j. What is the hundreds digit of (93/(-2))/((u/6)/(-13))?
2
Let c(i) = i**3 - i**2 - 1. Let j be c(0). Let n(d) = 8 - 7 + 15*d**2 - 1. What is the tens digit of n(j)?
1
Let a(w) = 18*w**3 + 5*w**2 - 12*w + 6. What is the units digit of a(2)?
6
Let u(k) be the second derivative of k**3/6 + 2*k**2 - 56*k + 1. Let s be 19/3 - (-2)/(-6). What is the units digit of u(s)?
0
Let t be (3/5)/((-1)/(-5)). Suppose -2*g = t*g. Suppose 3*b - 4*o - 78 = g, -3*o - o = 5*b - 162. What is the units digit of b?
0
Let h(b) = -34*b + 70. What is the units digit of h(-13)?
2
Suppose 19*i = 17 + 78. Let h(z) = -11*z + 9. Let a(x) = -11*x + 8. Let j(b) = 3*a(b) - 4*h(b). What is the units digit of j(i)?
3
Let l(i) = i**2 - 14*i - 11. Let y be l(15). Suppose y*p - 207 = p. What is the tens digit of p?
6
Let l = -6 + 8. Suppose -4*c + 138 = -l*c. Suppose 3*x + 0*v - c = 2*v, 5*x = -3*v + 134. What is the tens digit of x?
2
Suppose 94 = 3*x - 167. Let k = 123 - x. What is the units digit of k?
6
Let r(h) = 596*h - 6. What is the hundreds digit of r(1)?
5
Let q(f) be the first derivative of 2*f**2 - 4*f + 11. Let x be q(2). Suppose -x*y = 5*y - 279. What is the tens digit of y?
3
Let t(s) = 5*s + 21. Let x be t(-4). What is the tens digit of ((-2)/(-4))/(x/58)?
2
Let z be 139*1/(-4)*-4. Suppose 2*s - 3*s - 3*x = -15